*k - 4. What is the units digit of o(n)?
8
Let u(r) = -r + 2. Let o be u(2). Let n(s) = -s - 2. Let y be n(5). Let i = o - y. What is the units digit of i?
7
Suppose -5*n = -3*g, 3*g + 2*g + 40 = -5*n. Let c = g - -9. What is the units digit of c?
4
Let q(j) = -j**2 + 4*j - 3. Let w be q(2). Let b(a) = a**3 + 4*a**2 + 2*a - 2. Let g be b(-2). Let y = g - w. What is the units digit of y?
1
Suppose i - 7 - 17 = 0. What is the tens digit of i?
2
Suppose -4*j - 187 = -15. Let f = -57 + 26. Let w = f - j. What is the tens digit of w?
1
Let h be 8/(-6)*9/(-6). Suppose 7 = 3*p - h*p. What is the units digit of p?
7
Let c(z) = z**3 - 8*z**2 - 9*z + 9. What is the units digit of c(9)?
9
Let r(q) = -11*q**3 - 27*q**2 - 7*q + 5. Let m(a) = 5*a**3 + 13*a**2 + 3*a - 3. Let o(f) = -13*m(f) - 6*r(f). What is the tens digit of o(7)?
3
Suppose -172 = -6*n + n - 3*k, 0 = 5*k + 5. Suppose -2*x + 3*z = -23, 3*x - 5*z = -0*x + n. What is the units digit of x?
0
Suppose -294 + 46 = -2*w. Suppose 0 = 5*u - 4*t - 158, 4*u - 3*t - t = w. What is the tens digit of u?
3
Suppose 301 = -6*i + 7. Let j = i - -104. What is the units digit of j?
5
Suppose 8 = -3*i - 16. Let f = i - -10. Suppose 0*k - 10 = -f*k. What is the units digit of k?
5
Let k(c) = -c**3 - c**2 - c + 2. Let o be k(0). Suppose -4*n = -o*n + 10. What is the units digit of 2 - 0 - (n + -1)?
8
Suppose 5*l - 2*o = 64, o = -4*l - 0*o + 59. What is the tens digit of l?
1
Suppose -f + 5*x = -3, 4*x + 9 = -2*f - x. Suppose -5*p - 88 = -p. What is the units digit of (p/(-2))/((-2)/f)?
1
Let l(b) = 10*b + 14. Let z(r) = 2*r + 3. Let c(f) = 4*l(f) - 22*z(f). What is the units digit of c(-13)?
2
What is the units digit of -202*(-2 + (-1)/((-6)/9))?
1
Let f(a) = -4*a - 5. Let z be f(4). What is the units digit of (-97)/(-3) - 14/z?
3
Let w(k) = 5*k + 1. Let c(s) = s - 1. Suppose -13 = -2*a - 2*v - 3, 5*a = 3*v - 7. Let x(z) = a*w(z) + 2*c(z). What is the units digit of x(1)?
6
Let v(q) = -q**3 - 2*q**2 + 3*q - 3. What is the hundreds digit of v(-6)?
1
Suppose -g - 9 = -1. Let m = g - -11. Suppose -3*w + 6 = -5*w, 5*w = -m*r - 9. What is the units digit of r?
2
Let u(w) = -4*w - 5. Let t be u(-5). Suppose -l = -2*l + t. What is the units digit of -1 + -3 + 5 + l?
6
Let t be (-2)/6*-3*2. Suppose -4 = 4*r - t*z, -3*z + 4 = -2*z. What is the units digit of r?
1
Let h(j) = j**2 + 2*j + 2. Let s be h(-2). Suppose -66 = -4*v + 2*i + 8, -s*i = 10. What is the tens digit of v?
1
Suppose 0 = -3*n - 6, -n - 2*n - 26 = -m. Let i = m + 9. What is the units digit of i?
9
Suppose 9*r = 8*r + 31. What is the units digit of r?
1
Let w(x) = -7*x + 2. Let a be w(-3). Suppose 3*h - 4 = a. What is the units digit of h?
9
Let l(i) = i**3 - 11*i**2 + 15*i - 6. What is the units digit of l(10)?
4
Let g(d) = -d**3 - 11*d**2 + 10*d - 10. Let r be g(-12). Let i = r + -7. What is the units digit of i?
7
Let g(m) = 4 - 2*m - 1 - 1. What is the units digit of g(-2)?
6
Let r = -44 - -88. What is the units digit of r?
4
Let l(h) = -h**2 + 6*h - 2. Let y(o) = -o**3 + 5*o**2 + 8*o - 8. Let n be y(6). What is the units digit of l(n)?
6
Let v = 81 - 1. What is the units digit of v?
0
Suppose -2*m = 2*m - k - 101, 4*m = -4*k + 96. Suppose -4*n + m = -3*t, 3 = 2*n + n + 3*t. Let z(u) = u**2 - 2*u - 3. What is the units digit of z(n)?
5
Let g = 43 - 30. Let q = g + 13. What is the tens digit of q?
2
Suppose 6*z = 8*z - 8. Suppose 2*c - 6 = 0, c - 2 = m - z. What is the units digit of m?
5
Suppose 4*s - 42 = s. Suppose 3*w + s = 5*w. What is the units digit of w?
7
Let o(f) = -f - 5. Let r be o(-7). Suppose 3*n - 5*u - r = 1, 4*n + 2*u = 30. What is the units digit of n?
6
Let t(v) = 21*v + 2. Let q be t(-2). Let k = -13 - q. What is the tens digit of k?
2
Let t be (-20)/10*(-1)/(-2). What is the tens digit of (-284)/(-8) + t/2?
3
Let a(c) = 2*c + 1. Let y be a(2). Suppose f - y + 4 = 0. What is the units digit of -2*18/(-4) - f?
8
What is the hundreds digit of (428/6)/((-34)/(-51))?
1
Let z = -4 + 5. What is the tens digit of (z + -3)*-12 + 3?
2
Suppose 3*b + g + 14 = 0, b + 2*g + 7 = 2*b. Let c = b - -26. What is the tens digit of c?
2
Let n(q) = q**2 + q + 6. Let g be n(0). Let m = -3 + g. Let l(b) = -b**2 + 3*b + 2. What is the units digit of l(m)?
2
Let c(q) = q**2 - 3*q - 2. Let a be c(2). Let x = 8 + a. Suppose x*y - 5*h + 2*h - 64 = 0, 3*h + 25 = y. What is the units digit of y?
3
Suppose 5*k - 14 = 6, 5*t - 4*k + 96 = 0. Let s = -8 - t. What is the units digit of s?
8
Suppose 0 = -2*k - n + 21 + 32, 0 = 4*k + 3*n - 103. Let x be k/8 + 1/2. Suppose -m = -x - 3. What is the units digit of m?
7
Let n = 6 + 0. Let b(d) be the second derivative of d**3/3 - 9*d**2/2 - d. What is the units digit of b(n)?
3
Let r(s) = 46*s + 3. What is the tens digit of r(1)?
4
Let c(g) = -g**3 + 0*g**2 + 3*g + 2*g**2 + 2 + g**2 + 0*g**2. What is the units digit of c(3)?
1
Suppose -2*f - 20 = 2*f + 4*b, -3*b = -3*f - 33. Let h be (-39)/(-4) + 6/f. What is the units digit of 6/h + 22/3?
8
Suppose -25 = 5*a + 5*c, -3*a - 3*c - 5 = 2*c. What is the tens digit of (8/a)/(4/(-230))?
4
Let o = 112 + -61. What is the units digit of o?
1
Suppose 3*m = 4*k + 8*m - 412, 0 = 4*k - m - 436. What is the hundreds digit of k?
1
Let d = 141 + -75. What is the tens digit of d?
6
Let m(x) be the second derivative of -x**5/20 - x**4/6 - 3*x**2/2 - 13*x. Suppose 2*r - r + 3 = 0. What is the units digit of m(r)?
6
What is the units digit of 1060/90 - 4/(-18)?
2
Suppose 30 = 2*g + g. Let f = g + 3. What is the units digit of f?
3
Let y = 18 - 15. What is the units digit of y?
3
Suppose -2*i + 81 - 25 = 0. What is the units digit of i?
8
Let i be (78/15)/((-10)/(-25)). Let q = 18 + i. What is the units digit of q?
1
Suppose 0 = 3*h - 2*h + 3. Let n = h - -3. Suppose 2*p + 3*p - 25 = n. What is the units digit of p?
5
Suppose 2*h - 916 = -4*x - 0*h, -5*x - h = -1145. What is the hundreds digit of x?
2
Let j = 4 - 1. Suppose -48 = -4*y - j*f, 84 = 5*y + f + 13. Let v = y - 9. What is the units digit of v?
6
Let s be (-180)/7 - (-2)/(-7). Let r = -8 - s. What is the tens digit of r?
1
Suppose -3*g + 0*g + 18 = 0. Suppose -1 = -3*r + 2. Let o = r + g. What is the units digit of o?
7
Let n(o) = -5*o**2 + 5*o + 2. Let t(d) = -4*d**2 + 4*d + 2. Let s(i) = 3*n(i) - 4*t(i). What is the units digit of s(6)?
8
Let d(v) = 7*v**3 - v. What is the units digit of d(1)?
6
What is the units digit of 7/(-5) + 1 - 54612/(-205)?
6
Let w(p) = -p**3 - 7*p**2 + 11*p + 6. What is the tens digit of w(-9)?
6
Let r = -15 + 7. Let c = r + 17. What is the units digit of c?
9
Suppose 6*g - 235 = 2*g - 5*z, -5*z = 3*g - 170. What is the tens digit of g?
6
Let q = -19 + 62. Suppose -4*a = w - 1, -q = -4*w - 2*a + 17. What is the units digit of w?
7
Suppose -4*w = -9*w - 10. Let v = 0 - w. Suppose v*j = j + 2. What is the units digit of j?
2
Let b be ((-2)/(-6))/(1/9). Suppose b*j - 4*g - 44 = -0*g, 5*j + 3*g - 54 = 0. Let t = -4 + j. What is the units digit of t?
8
Let f(b) = -b**2 - 21*b - 8. What is the units digit of f(-12)?
0
Let o(n) = n**2 - 6*n - 6. Let u be o(6). Let w be 11 + u + 1 + -1. Suppose -w*l + 4*l + 5*z = -3, -z = -2. What is the tens digit of l?
1
Suppose 11 - 2 = 3*v. Suppose 0 = -v*s + 17 + 1. Suppose 0 = -3*j + s + 6. What is the units digit of j?
4
Let h(p) be the third derivative of p**5/60 + 5*p**4/24 + 7*p**3/6 - 2*p**2. Suppose 4*o - 6 + 26 = 0. What is the units digit of h(o)?
7
Suppose -3*w = 65 - 179. What is the tens digit of w?
3
Let q be -1*4*(-4)/8. Suppose -5*f + q*f + 72 = 0. What is the tens digit of f?
2
Suppose -2 = -2*o - 22. Let v be o/(1/(2/(-4))). Suppose -4*x + v*n + 24 = 0, 5*n - 6 + 24 = -2*x. What is the units digit of x?
1
Let k be 2*-1 + (4 - 0). Suppose k*m = 6*m - 64. What is the units digit of m?
6
What is the hundreds digit of 168 - -6*(-5 - -6)?
1
Suppose 44 + 46 = 6*x. What is the tens digit of x?
1
Suppose -2*p - 88 = -2*t, 7*t - 4*t = -5*p + 164. What is the units digit of t?
8
Let x = -3 + 5. Suppose -62 = -5*j - 2*d, j - x*d - 10 = -0*d. What is the units digit of j?
2
Let y be ((-1)/(-2))/(2/(-32)). What is the units digit of ((-2)/y)/((-1)/(-76))?
9
Suppose 16*x - 21*x = -755. What is the units digit of x?
1
Suppose 5*q = q + 4. Suppose 8 = i + q. What is the un